s divided by k.
0
Suppose 0 = -4*z + 16, -3*w + 5*z - 10 = 2*w. Suppose -5*t + 5*q = 40, -t + 7*q = 4*q + w. Let p = 27 + t. What is the remainder when 44 is divided by p?
12
Let w = -11 - 25. Let r be (-4)/(-6)*w/(-8). Suppose -2*v = -0*v - r*n, -14 = v - 5*n. Calculate the remainder when 17 is divided by v.
5
Let q(p) = -44*p**3 + 5*p**2 + 9*p + 3. What is the remainder when q(-1) is divided by 11?
10
Let o = 93 - 3. Let a(t) = 3*t**2 + 6*t + 2. What is the remainder when o is divided by a(-5)?
43
Let m be 1/(-2) - 11/(-2). Suppose m*j - 42 = 123. Let l = 15 - 6. Calculate the remainder when j is divided by l.
6
Suppose 248 - 72 = 8*y. What is the remainder when -1 + 105 + -3 + 7 is divided by y?
20
Let a(s) be the first derivative of 4*s**3 - 3*s**2/2 - 3*s + 35. What is the remainder when a(-3) is divided by 29?
27
Let j(x) = -x + 1. Suppose -4*n - 4 = 4*z - 6*z, 5*z + 1 = -n. Calculate the remainder when 6 is divided by j(z).
0
Let z = 46 + -44. Let f(n) = n**2 + 4*n - 3. What is the remainder when 33 is divided by f(z)?
6
Calculate the remainder when (-28)/70 + 337/5 is divided by 19.
10
Let d(r) = 1829 + 7*r**2 + 4*r**2 - 1825 - 3*r. Let j(o) = -o**2 + 4*o. Let q be j(3). Calculate the remainder when d(q) is divided by 24.
22
Suppose y = -5*y + 204. Suppose -4*a - 56 = -5*z, 3*z + 0*a - 2*a = 34. Calculate the remainder when y*(-3)/15*-5 is divided by z.
10
Let z(j) = -j**2 + 22. Let u = -3 - -3. Let i(q) = 9*q**2 + 5*q - 5. Calculate the remainder when i(2) is divided by z(u).
19
Let t = 2 + -2. Let o = t + 2. What is the remainder when 10/(-19 - -9) + 7 is divided by o?
0
Suppose -4*n + 15 = 3. Suppose -d + n*d = 8. What is the remainder when d is divided by 3?
1
Let c(r) = -r**3 + 5*r**2 + 4*r. Let p = -13524 - -13530. Calculate the remainder when c(5) is divided by p.
2
Suppose 5*o - 7*v = -2*v + 680, v = 3*o - 402. Let u(n) = -16*n + 722. What is the remainder when o is divided by u(43)?
31
What is the remainder when 339/(-2)*8/(-12) is divided by 25?
13
Let y be (-164)/(-14) + (-10)/(-35). Suppose 6*f = 2*f + y, 5*g - 87 = -4*f. Calculate the remainder when 29*3*5/30*2 is divided by g.
14
Let u = 1 - -87. What is the remainder when 108 is divided by (u/6)/((-10)/(-15))?
20
Let l = -9 + -3. Let j = l - -14. Suppose -14 + 40 = j*o. What is the remainder when 25 is divided by o?
12
Let k = 11 - 7. Calculate the remainder when 7 is divided by k.
3
Let g(v) = -29*v + 380. What is the remainder when g(9) is divided by 28?
7
Suppose 4*h + 18 + 22 = 0. Let u be (h/(-10))/((-1)/(-2)). Suppose -3*w - 3*f + 21 = -u*w, w - 15 = 3*f. What is the remainder when 69 is divided by w?
15
Suppose 12*a - 9*a = 6. Let h(v) = 2*v**2 + 1 + 1 - 6*v + 1 - 3*v**a. Calculate the remainder when 31 is divided by h(-5).
7
Let b(c) = c - 1. Suppose -35 = 7*d + 91. Let o be b(d). Let s = o + 20. Calculate the remainder when 1 is divided by s.
0
Let l = -205 + 387. Suppose -18 = -8*z + l. Calculate the remainder when 123 is divided by z.
23
Let s = -188 - -268. What is the remainder when s is divided by 44?
36
Let a(d) = -d**3 - 4*d**2 - 3*d - 3. Let c be (-15)/(4/(-32)*6). Suppose 2*s - c - 12 = 0. What is the remainder when s is divided by a(-4)?
7
What is the remainder when 18 is divided by 5 - (12/54 - (-94)/(-18))?
8
What is the remainder when 293 is divided by 20/30*759/22?
17
Suppose -17*x - 318 = -23*x. Calculate the remainder when x is divided by 18.
17
Suppose 4*n - 2*d = 2*n + 220, -5*n - 3*d = -518. Let z = n + -94. What is the remainder when z is divided by 3?
0
Suppose -3*r = -68 - 61. Let a(f) = -3 + 10*f**2 - 1 + 3*f - f + 3. What is the remainder when r is divided by a(1)?
10
Suppose -2*m - k = 4*k - 377, 0 = 4*m - 5*k - 739. Calculate the remainder when m is divided by 66.
54
Suppose -2*m - 8 = 5*k + 2*m, 3*m = k - 6. Suppose k = f - 5*f + 16. Suppose -f - 26 = -5*p. Calculate the remainder when 15 is divided by p.
3
Suppose -6*c + 348 = 6*y - 7*y, 2*c - 5*y = 88. Let q = 38 + -23. What is the remainder when c is divided by q?
14
Let t = 1341 - 1276. What is the remainder when 238 is divided by t?
43
Let z be 188/28 + (-6)/(-21). Calculate the remainder when 31 is divided by (4 - z) + 3 + 17.
14
Let r(m) = m**2 - 2*m + 8. Let g be (-14)/(-6) + -2 + (-138)/(-18). Calculate the remainder when r(g) is divided by 20.
16
Let r = 761 + -739. What is the remainder when 2067 is divided by r?
21
Let b = -173 + 294. Let y = -227 + b. Calculate the remainder when (y/(-2) - 3)/1 is divided by 13.
11
Suppose -5*q - 14 = -49. Calculate the remainder when q is divided by -34 + 34 - (-3 + (0 - 0)).
1
Suppose -4986 + 168 = -22*a. Calculate the remainder when a is divided by 14.
9
Let f = -55 - -197. Suppose -t = y + f, 5*t - 4*y = 239 - 904. Let w = t - -246. What is the remainder when w is divided by 28?
25
Suppose 141*v - 68 = 139*v. Suppose 2*q + 5*r = -0*q + v, 4*q = -4*r + 56. Calculate the remainder when q is divided by 7.
5
Let k(t) = 2*t + 11. Let b be (-1)/2*(-8 + 8). Let l(r) = r**3 - r**2 - 2*r + 41. Calculate the remainder when l(0) is divided by k(b).
8
Let u(v) = v**2 + 6*v - 11. Let j be u(2). Suppose b + j*a = -6 - 3, -3*a = -b + 15. What is the remainder when 13 is divided by b?
1
Let u(k) = -2*k**2 + 14*k. Let q be u(9). Calculate the remainder when 14 is divided by (-38)/(-8) + 27/q.
2
Let k = 12 - 8. Suppose 4*n - 36 = -3*b, -3*n + 13 = -k*b - 14. Suppose 231*z = 241*z - 250. Calculate the remainder when z is divided by n.
7
Let m(s) = 19*s**2 + s. Let n be m(-2). Let k = n + -14. Calculate the remainder when k is divided by 21.
18
Calculate the remainder when 1/6 + (-2695)/(-30) + -3 is divided by 12.
3
Suppose -3*z + 3*l = -90, z - 3*l - 42 = l. Calculate the remainder when 45 is divided by z.
19
Let k = -101 - -82. Suppose -4*p + 0*y + 139 = y, -2*p - 3*y + 67 = 0. Let j = p + k. What is the remainder when 62 is divided by j?
14
Let f(p) = -15*p + 549. Calculate the remainder when f(29) is divided by 20.
14
Let w = -5 - -8. Suppose -4*j - 4*p - 19 = 9, -27 = 3*j - 3*p. Let d = j - -10. Calculate the remainder when w is divided by d.
1
Let m(l) = -l**3 + 8*l**2 - l + 19. Let w(o) = 2*o - 24. Let g be w(16). Calculate the remainder when 39 is divided by m(g).
6
Let a be (-3 - -2) + 11 - (-28)/(-14). Calculate the remainder when (-1 - a/(-12))*(1 + -4) is divided by 1.
0
Let i = 2 - -11. Suppose 0 = 28*o + 951 - 3079. What is the remainder when o is divided by i?
11
Let t = 104 + -112. What is the remainder when 31 is divided by (-3)/2*1*(t + 2)?
4
Let s(m) be the third derivative of m**6/120 + 11*m**5/60 - 5*m**4/24 - 11*m**3/6 - 7*m**2. Calculate the remainder when s(-11) is divided by 16.
12
Suppose -6*f + 250 = 19*f. What is the remainder when 378 is divided by f?
8
Suppose 3*r - 8*r = 4*b + 1421, b + 4*r + 347 = 0. Let i = -205 - b. Calculate the remainder when i is divided by 39.
37
Let z(p) = 0*p - p**2 + p + 3*p + 6*p - 1. Let t be z(13). What is the remainder when (368/t)/((-2)/5) is divided by 13?
10
Let k(l) = -48*l - 24. Let y be k(-4). Suppose -9*r - 60 = -y. Suppose 0 = -5*x - 26 + 121. Calculate the remainder when x is divided by r.
7
Let s = -9 - -11. Suppose 2*k = -s*k + 36. Let n(h) = 10*h - 9. Calculate the remainder when n(k) is divided by 28.
25
Suppose 215*s - 221*s + 25 = 7. Suppose 8 = 2*q - 12. What is the remainder when q is divided by s?
1
Suppose 3*u = u + 28. Suppose -354 = n + 5*n. Let g = -51 - n. What is the remainder when u is divided by g?
6
Let v(u) = -u + 51. Let k = -49 + 62. What is the remainder when v(0) is divided by k?
12
Suppose -12*y = -16*y - 36. Calculate the remainder when -1 - -2 - (2 + -36) is divided by ((-3)/y)/(2/54).
8
Suppose 3*c - 4 = c. Let k(f) be the second derivative of f**3/6 + 5*f. What is the remainder when k(4) is divided by c?
0
Suppose 2*h - 1068 = -2*h. Calculate the remainder when h is divided by 18.
15
What is the remainder when (48/9)/(15/225) is divided by 17?
12
Suppose 0*t - 24*t = -936. What is the remainder when t is divided by 25?
14
Let w = -25 - -29. Suppose 0 = 4*y + 12, y + 18 = w*g - 69. Suppose 12 = 3*c + 2*b - 0*b, 0 = b. Calculate the remainder when g is divided by c.
1
Suppose r - 4*r = 288. Let x = r - -191. What is the remainder when x is divided by 33?